c be a(-2). Let n = 2 + c. Calculate the remainder when n is divided by o.
7
Let g be 12/(-8) + 2/4. Let k = g - 67. What is the remainder when 11 is divided by k/(-16) - 1/4?
3
Let f = -74 - -124. Let r(v) = -16*v + 4. Let l be r(-4). Suppose 3*n - l = -n. Calculate the remainder when f is divided by n.
16
Suppose -4 = -s - 17. Suppose 0 = 2*n + 5*d - 1 - 20, -2*n + 27 = 3*d. Let k = n + s. What is the remainder when 9 is divided by k?
4
Let w(b) = -b**3 - b**2 - b - 3. Suppose 0*p + 1 = 3*p - 2*l, -5*p - 5*l - 40 = 0. What is the remainder when 71 is divided by w(p)?
17
Let k(r) = r**3 - 3*r**2 + 5*r - 3. Calculate the remainder when k(3) is divided by 7.
5
Suppose 0 = 2*a + 8*a - 140. Let f = 65 - 39. What is the remainder when f is divided by a?
12
Let r = 7 - 5. What is the remainder when (-360)/(-220)*(-44)/(-6) is divided by r?
0
Let y(g) = 5*g + 8. What is the remainder when y(3) is divided by 16?
7
Let b(l) = l - 4. Let i be b(4). Suppose i*h + o - 9 = -h, 0 = 2*o. Calculate the remainder when h is divided by 6.
3
Let k = 7 - -28. Let y = 33 + 12. Suppose -3*m = f + 18 - 59, 5*m - 3*f = y. What is the remainder when k is divided by m?
11
Suppose 2*q - i - 23 = 0, i - 9 = -12. Calculate the remainder when 18 is divided by q.
8
Suppose -4*y + 179 - 19 = 0. What is the remainder when y is divided by (0 - -3 - -12) + -1?
12
Suppose 2 = -2*b + 6. Calculate the remainder when b - (-4*5)/1 is divided by 12.
10
Suppose 5*o - 13 + 4 = -4*t, 0 = 2*o - 5*t + 3. Calculate the remainder when 4 is divided by (2 - (-2 - -3)) + o.
0
Let d(p) = 13*p**2 + 2*p - 1. Calculate the remainder when d(-2) is divided by 12.
11
Suppose 4*t + 3*o = 2*t + 100, 0 = -5*t - 5*o + 245. What is the remainder when t is divided by 10?
7
Let m(l) = 8*l**2 + 1. Suppose -12 = 3*f, -5*f - 2 - 20 = t. What is the remainder when m(t) is divided by 9?
6
Suppose 378 = -5*z + 7*z. Suppose -4*l + 43 = -z. Let d(a) = 2*a + 3. Calculate the remainder when l is divided by d(6).
13
Suppose -4*c = c + 5, 2*c - 42 = -4*g. Let p be (-1)/(3/(3*9)). Let w = 12 - p. What is the remainder when w is divided by g?
10
Let t(z) = z**3 - 10*z + 2. Let l(n) = -n**3 - n**2 + 11*n - 2. Let w(u) = -4*l(u) - 5*t(u). Calculate the remainder when 8 is divided by w(5).
2
Suppose 36 = -4*r + 2*f - 2, -r - 4*f = 5. Let t = 2 - r. Calculate the remainder when 30 is divided by t.
8
Let l(p) = -p**3 + p**2 - p + 9. Let g = 0 + 2. Suppose -g*n = 3*n. What is the remainder when 17 is divided by l(n)?
8
Let k(d) = -3*d + 8. Let p(r) = -18*r - 29. Calculate the remainder when k(-6) is divided by p(-2).
5
Suppose 105 = 7*s - 0. What is the remainder when 57 is divided by s?
12
Suppose 31*a - 27*a - 124 = 0. Calculate the remainder when 88 is divided by a.
26
Let r be (-18)/2 - (3 - 6). What is the remainder when 1*58/r*-3 is divided by 10?
9
Let g = 9 + -5. Suppose 0 = -4*v - 0*v + g. What is the remainder when 2 is divided by v?
0
Let u = -1 - -13. Calculate the remainder when u is divided by 3.
0
Let y = 16 + -22. Let u be y/21 - (-6)/21. Suppose u*d = -5*d + 10. Calculate the remainder when 3 is divided by d.
1
What is the remainder when 21 is divided by (40/3)/(-4)*-3?
1
Let q(x) = x + 25. Suppose -3*b = -4*p + 65, -60 = -5*p - 4*b + 60. Calculate the remainder when p is divided by q(-18).
6
Let f(c) = -c**3 + 9*c**2 - 8*c + 2. Let j be f(8). Suppose -u = j*u - 18. Suppose 20 = 2*h + u. What is the remainder when 18 is divided by h?
4
What is the remainder when (61 - -3) + 4/(-2) is divided by (-45)/(-12)*4 + 1?
14
Suppose 0 = 4*f - 8*f + 8. Suppose 21 = 5*n + 2*h + 1, -h = 0. What is the remainder when n is divided by f?
0
Suppose -4*z + 20 = 0, -3*z + 25 = x - 2*x. Let i = x - -14. Let q = 2 + 4. Calculate the remainder when q is divided by i.
2
Let a(j) = -5*j. Calculate the remainder when a(-5) is divided by 7.
4
Let q = -16 + 26. What is the remainder when q is divided by 4?
2
Suppose 0 = -14*h + 489 - 111. Calculate the remainder when 47 is divided by h.
20
Let j = -144 + 154. Let l = -3 - 1. Let x = 0 - l. What is the remainder when j is divided by x?
2
What is the remainder when 256/8 + -3 + 3 is divided by 12?
8
Let c be -1*2/(2/(-521)). Suppose -4*k = -c - 71. Suppose 2*w + 3*j + 25 - 89 = 0, -4*w + k = j. Calculate the remainder when w is divided by 20.
18
Let k be 2/(-6)*-1*39. Let u = 32 - 4. Calculate the remainder when u is divided by (1 - 0 - -1) + k.
13
Suppose 3*q = 2*q + 3. Suppose -q*w - 3 = -9. Let t(x) = -x**2 - 5*x - 3. What is the remainder when w is divided by t(-4)?
0
Suppose 0 = 5*n - 2*s - 40, -3*s - 31 - 4 = -5*n. Suppose 3*a - 4*m = 4 + 20, 2*m = -6. Calculate the remainder when n is divided by a.
2
Suppose -6*j + 79 = -5*j. Calculate the remainder when j is divided by 8.
7
Let j be (6/(-18))/(1/(-12)). Suppose -3*l + 28 = j. What is the remainder when 39 is divided by l?
7
Let v = 6 + -3. Let h be 12/3 + 0/(-2). Suppose c = d + 43, v*c + 5*d + 39 = h*c. What is the remainder when c is divided by 15?
14
Let m(n) = n - 4. Let w be m(-3). Let j be 16/(-10) + 4/(-10). Calculate the remainder when 16 is divided by w*(-2)/2 - j.
7
Let j(f) = 2*f**2 - 7*f - 8. Let q be j(6). Let k(p) = -2*p**2 + 3*p - 3. Let o be k(2). What is the remainder when 6 is divided by (-12)/30 - q/o?
2
Suppose -d = 4*r + d - 254, 2*r = 5*d + 157. Suppose 4*o = -2*q + r, 4*q = 2*q - 5*o + 61. What is the remainder when q is divided by 15?
13
Suppose -3*z + 8 = -1. Suppose -17 - z = -u. Calculate the remainder when u is divided by 11.
9
Suppose 288 = -l + 7*l. Calculate the remainder when 95 is divided by l.
47
Let k(s) be the first derivative of 7*s**3/3 - s**2 + 4*s + 1. What is the remainder when k(3) is divided by 3*8/12 - -19?
19
Let p = 16 + -32. Let w = 6 - p. Suppose 5*s = 12 + 28. Calculate the remainder when w is divided by s.
6
Suppose -s + 6*s = -3*c + 198, -49 = -c + 4*s. Let h(z) = 13*z - 5. Calculate the remainder when c is divided by h(2).
19
Suppose -22 = -2*t - 0. Let n = -14 + 59. What is the remainder when 935/n + 2/9 is divided by t?
10
Let g(h) = -h + 20. Calculate the remainder when g(5) is divided by 9.
6
Suppose -5*q = -15, r = 3*r - 5*q + 1. Suppose d = 16 + r. What is the remainder when d is divided by 8?
7
Let s be (-4)/(-6) + 6/18. Let k(c) = -16*c. What is the remainder when k(-1) is divided by (s - -2)/((-2)/(-6))?
7
Let u be (3/2)/(6/20). Suppose 3*h = 3*q + 48, u*h + 4*q + 28 - 90 = 0. Calculate the remainder when 53 is divided by h.
11
Suppose 30 = 2*a - 8. What is the remainder when a is divided by 11?
8
Suppose x + 0*x - 5 = 0. Suppose -5*o = -115 + 30. What is the remainder when o is divided by x?
2
Let d(h) = -h**3 - 2*h**2 - h + 2. Let b be d(3). Let x = -33 - b. Calculate the remainder when 3/2*26 - (2 - -1) is divided by x.
10
What is the remainder when 41 is divided by (6/(-4))/(78/28 - 3)?
6
Let h be ((-2)/6)/(1/(-6)). What is the remainder when (-2)/(h*1/(-15)) is divided by 8?
7
Let d = 60 + -52. What is the remainder when (-74)/(-1 + (-1)/1) is divided by d?
5
Let r be ((-4)/8)/((-1)/32). Let l = r - -6. Calculate the remainder when l is divided by 8.
6
Let l(m) be the second derivative of m**4/12 - m**3/3 + m**2 - 3*m. Calculate the remainder when 8 is divided by l(3).
3
Suppose 2*n - 52 = -3*z, 2*z + 3*n - 48 = -n. Calculate the remainder when 24 is divided by z.
10
Suppose -15*c - 2 = -16*c. What is the remainder when 2 is divided by c?
0
Suppose 49 = 5*m + 4*v - 15, 4*m = -v + 49. Calculate the remainder when 46 is divided by m.
10
Suppose -2*n - 5*b = -53 + 10, 2*n + b = 23. What is the remainder when 70 is divided by n?
7
What is the remainder when 159 is divided by (-2)/11 + (-6188)/(-154)?
39
Suppose 2*r - 4 = -8. Suppose v = -2, -4*v + 2 = 3*u + 4. What is the remainder when 8/(-3)*3/r is divided by u?
0
Let x = 25 + -8. Calculate the remainder when 67 is divided by x.
16
Suppose -g - 2*z + 10 = 0, g = 3*z + z + 40. Calculate the remainder when 78 is divided by g.
18
Let d = 47 - -23. What is the remainder when d is divided by (12 + -11)/((-1)/(-36))?
34
Let d be (-3)/7 - (-3)/7. Let m = 72 + -42. Calculate the remainder when -9*m/(-9) - d is divided by 16.
14
Let z(m) = 2*m**2 - 2*m. Suppose v + 23 = 2*v - 5*l, 12 = 4*l. Suppose a + v = 3*a - 5*t, -3*